{"id":1877,"date":"2023-09-14T12:03:04","date_gmt":"2023-09-14T12:03:04","guid":{"rendered":"https:\/\/www.palazzodellepietre.com\/?page_id=1877"},"modified":"2025-10-16T12:27:34","modified_gmt":"2025-10-16T12:27:34","slug":"prestige-apartment-2","status":"publish","type":"page","link":"https:\/\/www.palazzodellepietre.com\/es\/apartamentos\/prestige-apartment-2\/","title":{"rendered":"Prestige"},"content":{"rendered":"","protected":false},"excerpt":{"rendered":"","protected":false},"author":252,"featured_media":2216,"parent":1864,"menu_order":40,"comment_status":"closed","ping_status":"closed","template":"template-single-room.php","meta":{"footnotes":""},"class_list":["post-1877","page","type-page","status-publish","has-post-thumbnail","hentry"],"yoast_head":"<!-- This site is optimized with the Yoast SEO plugin v26.9 - https:\/\/yoast.com\/product\/yoast-seo-wordpress\/ -->\n<title>Palazzo delle Pietre, Prestige Apartment<\/title>\n<meta name=\"description\" content=\"Las suaves y resplandecientes vetas del m\u00e1rmol dialogan con la calidez natural de la madera y el encanto sereno de mobiliario eterno, creando un espacio donde cada detalle susurra una historia. Una sinfon\u00eda de texturas y luces, de memorias antiguas y dise\u00f1o contempor\u00e1neo, que transforma cada estancia en una experiencia profundamente \u00edntima y acogedora.  &nbsp;\" \/>\n<meta name=\"robots\" content=\"index, follow, max-snippet:-1, max-image-preview:large, max-video-preview:-1\" \/>\n<link rel=\"canonical\" href=\"https:\/\/www.palazzodellepietre.com\/es\/apartamentos\/prestige-apartment-2\/\" \/>\n<meta property=\"og:locale\" content=\"es_ES\" \/>\n<meta property=\"og:type\" content=\"article\" \/>\n<meta property=\"og:title\" content=\"Palazzo delle Pietre, Prestige Apartment\" \/>\n<meta property=\"og:description\" content=\"Las suaves y resplandecientes vetas del m\u00e1rmol dialogan con la calidez natural de la madera y el encanto sereno de mobiliario eterno, creando un espacio donde cada detalle susurra una historia. Una sinfon\u00eda de texturas y luces, de memorias antiguas y dise\u00f1o contempor\u00e1neo, que transforma cada estancia en una experiencia profundamente \u00edntima y acogedora.  &nbsp;\" \/>\n<meta property=\"og:url\" content=\"https:\/\/www.palazzodellepietre.com\/es\/apartamentos\/prestige-apartment-2\/\" \/>\n<meta property=\"og:site_name\" content=\"palazzo delle pietre\" \/>\n<meta property=\"article:modified_time\" content=\"2025-10-16T12:27:34+00:00\" \/>\n<meta property=\"og:image\" content=\"https:\/\/www.palazzodellepietre.com\/wp-content\/uploads\/sites\/452\/2025\/05\/PDP_1B_3519_Panorama_web-scaled.jpg\" \/>\n\t<meta property=\"og:image:width\" content=\"2351\" \/>\n\t<meta property=\"og:image:height\" content=\"2560\" \/>\n\t<meta property=\"og:image:type\" content=\"image\/jpeg\" \/>\n<meta name=\"twitter:card\" content=\"summary_large_image\" \/>\n<script type=\"application\/ld+json\" class=\"yoast-schema-graph\">{\"@context\":\"https:\/\/schema.org\",\"@graph\":[{\"@type\":\"WebPage\",\"@id\":\"https:\/\/www.palazzodellepietre.com\/es\/apartamentos\/prestige-apartment-2\/\",\"url\":\"https:\/\/www.palazzodellepietre.com\/es\/apartamentos\/prestige-apartment-2\/\",\"name\":\"Palazzo delle Pietre, Prestige Apartment\",\"isPartOf\":{\"@id\":\"https:\/\/www.palazzodellepietre.com\/es\/#website\"},\"primaryImageOfPage\":{\"@id\":\"https:\/\/www.palazzodellepietre.com\/es\/apartamentos\/prestige-apartment-2\/#primaryimage\"},\"image\":{\"@id\":\"https:\/\/www.palazzodellepietre.com\/es\/apartamentos\/prestige-apartment-2\/#primaryimage\"},\"thumbnailUrl\":\"https:\/\/www.palazzodellepietre.com\/wp-content\/uploads\/sites\/452\/2025\/05\/PDP_1B_3519_Panorama_web-scaled.jpg\",\"datePublished\":\"2023-09-14T12:03:04+00:00\",\"dateModified\":\"2025-10-16T12:27:34+00:00\",\"description\":\"Las suaves y resplandecientes vetas del m\u00e1rmol dialogan con la calidez natural de la madera y el encanto sereno de mobiliario eterno, creando un espacio donde cada detalle susurra una historia. Una sinfon\u00eda de texturas y luces, de memorias antiguas y dise\u00f1o contempor\u00e1neo, que transforma cada estancia en una experiencia profundamente \u00edntima y acogedora. &nbsp;\",\"breadcrumb\":{\"@id\":\"https:\/\/www.palazzodellepietre.com\/es\/apartamentos\/prestige-apartment-2\/#breadcrumb\"},\"inLanguage\":\"es\",\"potentialAction\":[{\"@type\":\"ReadAction\",\"target\":[\"https:\/\/www.palazzodellepietre.com\/es\/apartamentos\/prestige-apartment-2\/\"]}]},{\"@type\":\"ImageObject\",\"inLanguage\":\"es\",\"@id\":\"https:\/\/www.palazzodellepietre.com\/es\/apartamentos\/prestige-apartment-2\/#primaryimage\",\"url\":\"https:\/\/www.palazzodellepietre.com\/wp-content\/uploads\/sites\/452\/2025\/05\/PDP_1B_3519_Panorama_web-scaled.jpg\",\"contentUrl\":\"https:\/\/www.palazzodellepietre.com\/wp-content\/uploads\/sites\/452\/2025\/05\/PDP_1B_3519_Panorama_web-scaled.jpg\",\"width\":2351,\"height\":2560},{\"@type\":\"BreadcrumbList\",\"@id\":\"https:\/\/www.palazzodellepietre.com\/es\/apartamentos\/prestige-apartment-2\/#breadcrumb\",\"itemListElement\":[{\"@type\":\"ListItem\",\"position\":1,\"name\":\"Portada\",\"item\":\"https:\/\/www.palazzodellepietre.com\/es\/\"},{\"@type\":\"ListItem\",\"position\":2,\"name\":\"Apartamentos\",\"item\":\"https:\/\/www.palazzodellepietre.com\/es\/apartamentos\/\"},{\"@type\":\"ListItem\",\"position\":3,\"name\":\"Prestige\"}]},{\"@type\":\"WebSite\",\"@id\":\"https:\/\/www.palazzodellepietre.com\/es\/#website\",\"url\":\"https:\/\/www.palazzodellepietre.com\/es\/\",\"name\":\"palazzo delle pietre\",\"description\":\"Just another ms.decms.eu site\",\"potentialAction\":[{\"@type\":\"SearchAction\",\"target\":{\"@type\":\"EntryPoint\",\"urlTemplate\":\"https:\/\/www.palazzodellepietre.com\/es\/?s={search_term_string}\"},\"query-input\":{\"@type\":\"PropertyValueSpecification\",\"valueRequired\":true,\"valueName\":\"search_term_string\"}}],\"inLanguage\":\"es\"}]}<\/script>\n<!-- \/ Yoast SEO plugin. -->","yoast_head_json":{"title":"Palazzo delle Pietre, Prestige Apartment","description":"Las suaves y resplandecientes vetas del m\u00e1rmol dialogan con la calidez natural de la madera y el encanto sereno de mobiliario eterno, creando un espacio donde cada detalle susurra una historia. Una sinfon\u00eda de texturas y luces, de memorias antiguas y dise\u00f1o contempor\u00e1neo, que transforma cada estancia en una experiencia profundamente \u00edntima y acogedora.  &nbsp;","robots":{"index":"index","follow":"follow","max-snippet":"max-snippet:-1","max-image-preview":"max-image-preview:large","max-video-preview":"max-video-preview:-1"},"canonical":"https:\/\/www.palazzodellepietre.com\/es\/apartamentos\/prestige-apartment-2\/","og_locale":"es_ES","og_type":"article","og_title":"Palazzo delle Pietre, Prestige Apartment","og_description":"Las suaves y resplandecientes vetas del m\u00e1rmol dialogan con la calidez natural de la madera y el encanto sereno de mobiliario eterno, creando un espacio donde cada detalle susurra una historia. Una sinfon\u00eda de texturas y luces, de memorias antiguas y dise\u00f1o contempor\u00e1neo, que transforma cada estancia en una experiencia profundamente \u00edntima y acogedora.  &nbsp;","og_url":"https:\/\/www.palazzodellepietre.com\/es\/apartamentos\/prestige-apartment-2\/","og_site_name":"palazzo delle pietre","article_modified_time":"2025-10-16T12:27:34+00:00","og_image":[{"width":2351,"height":2560,"url":"https:\/\/www.palazzodellepietre.com\/wp-content\/uploads\/sites\/452\/2025\/05\/PDP_1B_3519_Panorama_web-scaled.jpg","type":"image\/jpeg"}],"twitter_card":"summary_large_image","schema":{"@context":"https:\/\/schema.org","@graph":[{"@type":"WebPage","@id":"https:\/\/www.palazzodellepietre.com\/es\/apartamentos\/prestige-apartment-2\/","url":"https:\/\/www.palazzodellepietre.com\/es\/apartamentos\/prestige-apartment-2\/","name":"Palazzo delle Pietre, Prestige Apartment","isPartOf":{"@id":"https:\/\/www.palazzodellepietre.com\/es\/#website"},"primaryImageOfPage":{"@id":"https:\/\/www.palazzodellepietre.com\/es\/apartamentos\/prestige-apartment-2\/#primaryimage"},"image":{"@id":"https:\/\/www.palazzodellepietre.com\/es\/apartamentos\/prestige-apartment-2\/#primaryimage"},"thumbnailUrl":"https:\/\/www.palazzodellepietre.com\/wp-content\/uploads\/sites\/452\/2025\/05\/PDP_1B_3519_Panorama_web-scaled.jpg","datePublished":"2023-09-14T12:03:04+00:00","dateModified":"2025-10-16T12:27:34+00:00","description":"Las suaves y resplandecientes vetas del m\u00e1rmol dialogan con la calidez natural de la madera y el encanto sereno de mobiliario eterno, creando un espacio donde cada detalle susurra una historia. Una sinfon\u00eda de texturas y luces, de memorias antiguas y dise\u00f1o contempor\u00e1neo, que transforma cada estancia en una experiencia profundamente \u00edntima y acogedora. &nbsp;","breadcrumb":{"@id":"https:\/\/www.palazzodellepietre.com\/es\/apartamentos\/prestige-apartment-2\/#breadcrumb"},"inLanguage":"es","potentialAction":[{"@type":"ReadAction","target":["https:\/\/www.palazzodellepietre.com\/es\/apartamentos\/prestige-apartment-2\/"]}]},{"@type":"ImageObject","inLanguage":"es","@id":"https:\/\/www.palazzodellepietre.com\/es\/apartamentos\/prestige-apartment-2\/#primaryimage","url":"https:\/\/www.palazzodellepietre.com\/wp-content\/uploads\/sites\/452\/2025\/05\/PDP_1B_3519_Panorama_web-scaled.jpg","contentUrl":"https:\/\/www.palazzodellepietre.com\/wp-content\/uploads\/sites\/452\/2025\/05\/PDP_1B_3519_Panorama_web-scaled.jpg","width":2351,"height":2560},{"@type":"BreadcrumbList","@id":"https:\/\/www.palazzodellepietre.com\/es\/apartamentos\/prestige-apartment-2\/#breadcrumb","itemListElement":[{"@type":"ListItem","position":1,"name":"Portada","item":"https:\/\/www.palazzodellepietre.com\/es\/"},{"@type":"ListItem","position":2,"name":"Apartamentos","item":"https:\/\/www.palazzodellepietre.com\/es\/apartamentos\/"},{"@type":"ListItem","position":3,"name":"Prestige"}]},{"@type":"WebSite","@id":"https:\/\/www.palazzodellepietre.com\/es\/#website","url":"https:\/\/www.palazzodellepietre.com\/es\/","name":"palazzo delle pietre","description":"Just another ms.decms.eu site","potentialAction":[{"@type":"SearchAction","target":{"@type":"EntryPoint","urlTemplate":"https:\/\/www.palazzodellepietre.com\/es\/?s={search_term_string}"},"query-input":{"@type":"PropertyValueSpecification","valueRequired":true,"valueName":"search_term_string"}}],"inLanguage":"es"}]}},"acf":[],"_links":{"self":[{"href":"https:\/\/www.palazzodellepietre.com\/es\/wp-json\/wp\/v2\/pages\/1877","targetHints":{"allow":["GET"]}}],"collection":[{"href":"https:\/\/www.palazzodellepietre.com\/es\/wp-json\/wp\/v2\/pages"}],"about":[{"href":"https:\/\/www.palazzodellepietre.com\/es\/wp-json\/wp\/v2\/types\/page"}],"author":[{"embeddable":true,"href":"https:\/\/www.palazzodellepietre.com\/es\/wp-json\/wp\/v2\/users\/252"}],"replies":[{"embeddable":true,"href":"https:\/\/www.palazzodellepietre.com\/es\/wp-json\/wp\/v2\/comments?post=1877"}],"version-history":[{"count":0,"href":"https:\/\/www.palazzodellepietre.com\/es\/wp-json\/wp\/v2\/pages\/1877\/revisions"}],"up":[{"embeddable":true,"href":"https:\/\/www.palazzodellepietre.com\/es\/wp-json\/wp\/v2\/pages\/1864"}],"wp:featuredmedia":[{"embeddable":true,"href":"https:\/\/www.palazzodellepietre.com\/es\/wp-json\/wp\/v2\/media\/2216"}],"wp:attachment":[{"href":"https:\/\/www.palazzodellepietre.com\/es\/wp-json\/wp\/v2\/media?parent=1877"}],"curies":[{"name":"wp","href":"https:\/\/api.w.org\/{rel}","templated":true}]}}

<!-- This site is optimized with the Yoast SEO plugin v26.9 - https://yoast.com/product/yoast-seo-wordpress/ -->
<title>Palazzo delle Pietre, Prestige Apartment</title>
<meta name="description" content="Las suaves y resplandecientes vetas del mármol dialogan con la calidez natural de la madera y el encanto sereno de mobiliario eterno, creando un espacio donde cada detalle susurra una historia. Una sinfonía de texturas y luces, de memorias antiguas y diseño contemporáneo, que transforma cada estancia en una experiencia profundamente íntima y acogedora.  &nbsp;" />
<meta name="robots" content="index, follow, max-snippet:-1, max-image-preview:large, max-video-preview:-1" />
<link rel="canonical" href="https://www.palazzodellepietre.com/es/apartamentos/prestige-apartment-2/" />
<meta property="og:locale" content="es_ES" />
<meta property="og:type" content="article" />
<meta property="og:title" content="Palazzo delle Pietre, Prestige Apartment" />
<meta property="og:description" content="Las suaves y resplandecientes vetas del mármol dialogan con la calidez natural de la madera y el encanto sereno de mobiliario eterno, creando un espacio donde cada detalle susurra una historia. Una sinfonía de texturas y luces, de memorias antiguas y diseño contemporáneo, que transforma cada estancia en una experiencia profundamente íntima y acogedora.  &nbsp;" />
<meta property="og:url" content="https://www.palazzodellepietre.com/es/apartamentos/prestige-apartment-2/" />
<meta property="og:site_name" content="palazzo delle pietre" />
<meta property="article:modified_time" content="2025-10-16T12:27:34+00:00" />
<meta property="og:image" content="https://www.palazzodellepietre.com/wp-content/uploads/sites/452/2025/05/PDP_1B_3519_Panorama_web-scaled.jpg" />
	<meta property="og:image:width" content="2351" />
	<meta property="og:image:height" content="2560" />
	<meta property="og:image:type" content="image/jpeg" />
<meta name="twitter:card" content="summary_large_image" />
<script type="application/ld+json" class="yoast-schema-graph">{"@context":"https://schema.org","@graph":[{"@type":"WebPage","@id":"https://www.palazzodellepietre.com/es/apartamentos/prestige-apartment-2/","url":"https://www.palazzodellepietre.com/es/apartamentos/prestige-apartment-2/","name":"Palazzo delle Pietre, Prestige Apartment","isPartOf":{"@id":"https://www.palazzodellepietre.com/es/#website"},"primaryImageOfPage":{"@id":"https://www.palazzodellepietre.com/es/apartamentos/prestige-apartment-2/#primaryimage"},"image":{"@id":"https://www.palazzodellepietre.com/es/apartamentos/prestige-apartment-2/#primaryimage"},"thumbnailUrl":"https://www.palazzodellepietre.com/wp-content/uploads/sites/452/2025/05/PDP_1B_3519_Panorama_web-scaled.jpg","datePublished":"2023-09-14T12:03:04+00:00","dateModified":"2025-10-16T12:27:34+00:00","description":"Las suaves y resplandecientes vetas del mármol dialogan con la calidez natural de la madera y el encanto sereno de mobiliario eterno, creando un espacio donde cada detalle susurra una historia. Una sinfonía de texturas y luces, de memorias antiguas y diseño contemporáneo, que transforma cada estancia en una experiencia profundamente íntima y acogedora. &nbsp;","breadcrumb":{"@id":"https://www.palazzodellepietre.com/es/apartamentos/prestige-apartment-2/#breadcrumb"},"inLanguage":"es","potentialAction":[{"@type":"ReadAction","target":["https://www.palazzodellepietre.com/es/apartamentos/prestige-apartment-2/"]}]},{"@type":"ImageObject","inLanguage":"es","@id":"https://www.palazzodellepietre.com/es/apartamentos/prestige-apartment-2/#primaryimage","url":"https://www.palazzodellepietre.com/wp-content/uploads/sites/452/2025/05/PDP_1B_3519_Panorama_web-scaled.jpg","contentUrl":"https://www.palazzodellepietre.com/wp-content/uploads/sites/452/2025/05/PDP_1B_3519_Panorama_web-scaled.jpg","width":2351,"height":2560},{"@type":"BreadcrumbList","@id":"https://www.palazzodellepietre.com/es/apartamentos/prestige-apartment-2/#breadcrumb","itemListElement":[{"@type":"ListItem","position":1,"name":"Portada","item":"https://www.palazzodellepietre.com/es/"},{"@type":"ListItem","position":2,"name":"Apartamentos","item":"https://www.palazzodellepietre.com/es/apartamentos/"},{"@type":"ListItem","position":3,"name":"Prestige"}]},{"@type":"WebSite","@id":"https://www.palazzodellepietre.com/es/#website","url":"https://www.palazzodellepietre.com/es/","name":"palazzo delle pietre","description":"Just another ms.decms.eu site","potentialAction":[{"@type":"SearchAction","target":{"@type":"EntryPoint","urlTemplate":"https://www.palazzodellepietre.com/es/?s={search_term_string}"},"query-input":{"@type":"PropertyValueSpecification","valueRequired":true,"valueName":"search_term_string"}}],"inLanguage":"es"}]}</script>
<!-- / Yoast SEO plugin. -->

Las suaves y resplandecientes vetas del mármol dialogan con la calidez natural de la madera y el encanto sereno de mobiliario eterno, creando un espacio donde cada detalle susurra una historia. Una sinfonía de texturas y luces, de memorias antiguas y diseño contemporáneo, que transforma cada estancia en una experiencia profundamente íntima y acogedora.  &nbsp;

Las suaves y resplandecientes vetas del mármol dialogan con la calidez natural de la madera y el encanto sereno de mobiliario eterno, creando un espacio donde cada detalle susurra una historia. Una sinfonía de texturas y luces, de memorias antiguas y diseño contemporáneo, que transforma cada estancia en una experiencia profundamente íntima y acogedora. &nbsp;
